2 and 18444.
636
Calculate the highest common factor of 1882500 and 15.
15
What is the highest common divisor of 2702 and 49794?
386
Calculate the greatest common factor of 50 and 189425.
25
What is the greatest common factor of 4930 and 2090?
10
Calculate the greatest common factor of 1547 and 17493.
119
Calculate the highest common divisor of 2730 and 36543.
39
Calculate the highest common factor of 21244 and 904.
452
Calculate the greatest common divisor of 598819 and 73.
73
What is the highest common divisor of 3001167 and 339?
339
What is the highest common divisor of 8 and 4379?
1
Calculate the highest common divisor of 574 and 2447249.
287
Calculate the greatest common divisor of 6118 and 1296694.
322
What is the highest common factor of 80969 and 18361?
301
What is the highest common divisor of 8037 and 9024?
141
What is the highest common factor of 60 and 1087860?
60
What is the highest common factor of 60945 and 1394?
17
What is the highest common divisor of 15344 and 16?
16
Calculate the greatest common factor of 23048 and 172.
172
Calculate the greatest common divisor of 1152 and 3258.
18
Calculate the highest common divisor of 36 and 724716.
36
Calculate the greatest common factor of 46 and 40181.
23
Calculate the greatest common factor of 99 and 9759.
3
What is the greatest common factor of 776612 and 124?
124
Calculate the greatest common factor of 291986 and 134.
134
What is the highest common factor of 11 and 29601?
11
What is the highest common factor of 42189 and 6?
3
Calculate the greatest common factor of 8253120 and 48.
48
What is the highest common divisor of 80 and 103640?
40
What is the greatest common factor of 2505 and 31755?
15
What is the greatest common divisor of 119972 and 4044?
1348
Calculate the greatest common factor of 19722 and 5871.
57
What is the highest common divisor of 95 and 38370?
5
What is the greatest common divisor of 24 and 14642?
2
What is the greatest common factor of 29696 and 48?
16
What is the highest common divisor of 1470 and 13062?
42
What is the greatest common factor of 159765 and 30?
15
What is the highest common divisor of 8170 and 1406?
38
Calculate the highest common divisor of 937515 and 15.
15
Calculate the greatest common factor of 25245 and 1595.
55
What is the greatest common factor of 3768 and 1056?
24
What is the highest common divisor of 3502 and 952?
34
What is the highest common divisor of 20565 and 225?
45
Calculate the greatest common factor of 22712 and 6.
2
Calculate the highest common divisor of 20 and 627290.
10
Calculate the greatest common divisor of 128470 and 370.
10
Calculate the highest common factor of 36 and 30956.
4
Calculate the highest common divisor of 21669 and 372.
93
Calculate the highest common divisor of 820 and 221810.
410
What is the greatest common factor of 2771 and 12551?
163
What is the highest common divisor of 172320 and 640?
160
What is the highest common factor of 136 and 4587416?
136
What is the highest common divisor of 28 and 2094036?
28
What is the greatest common divisor of 2280 and 448020?
1140
What is the greatest common divisor of 36081 and 9063?
171
Calculate the greatest common factor of 32476 and 138.
46
What is the highest common divisor of 209832 and 216?
24
Calculate the highest common divisor of 1382670 and 30.
30
Calculate the highest common divisor of 248949 and 1194.
597
Calculate the highest common factor of 521441 and 148.
37
Calculate the highest common divisor of 62796 and 24.
12
Calculate the greatest common factor of 1437 and 1916.
479
What is the greatest common divisor of 39480 and 119145?
705
Calculate the highest common divisor of 147940 and 135.
5
Calculate the highest common factor of 798 and 41629.
133
What is the greatest common divisor of 242 and 12188?
22
Calculate the greatest common factor of 39039 and 4389.
231
Calculate the highest common factor of 1086 and 11765.
181
What is the greatest common divisor of 399 and 33411?
21
Calculate the greatest common divisor of 65574 and 36.
18
Calculate the highest common divisor of 10065 and 8085.
165
Calculate the greatest common divisor of 357910 and 70.
70
Calculate the greatest common factor of 433389 and 5313.
759
What is the highest common divisor of 496 and 3008?
16
Calculate the greatest common factor of 5488 and 16856.
392
What is the greatest common factor of 301456 and 33200?
1328
Calculate the highest common divisor of 9905 and 175.
35
What is the highest common factor of 13444 and 128?
4
What is the highest common divisor of 35 and 420385?
35
What is the highest common divisor of 1358 and 6596?
194
What is the highest common divisor of 24010 and 7610?
10
What is the greatest common factor of 26 and 387088?
26
Calculate the greatest common divisor of 1904 and 2261.
119
Calculate the highest common factor of 205029 and 5434.
209
Calculate the highest common divisor of 2460 and 8856.
492
What is the greatest common factor of 31453 and 7088?
443
Calculate the highest common factor of 696 and 1587.
3
What is the greatest common factor of 251 and 2361?
1
What is the highest common factor of 233073 and 3384?
423
Calculate the greatest common factor of 265931 and 238.
17
What is the highest common divisor of 24 and 556776?
24
What is the highest common divisor of 6132 and 103236?
84
What is the greatest common divisor of 128 and 59968?
64
Calculate the greatest common factor of 864 and 1026.
54
What is the highest common factor of 7111 and 65?
13
What is the greatest common factor of 2 and 5011?
1
Calculate the greatest common divisor of 256056 and 752.
376
Calculate the highest common divisor of 51 and 22683.
3
Calculate the greatest common factor of 366 and 1386286.
122
Calculate the greatest common divisor of 288 and 208768.
32
Calculate the highest common divisor of 130 and 9438.
26
What is the greatest common factor of 2 and 60394?
2
What is the highest common divisor of 3781 and 58178?
19
What is the greatest common divisor of 5095 and 765269?
1019
Calculate the highest common factor of 110 and 181610.
110
What is the highest common factor of 34007 and 93?
31
What is the highest common divisor of 8993 and 21689?
529
Calculate the greatest common factor of 15312 and 208.
16
Calculate the greatest common divisor of 9815471 and 74.
37
Calculate the highest common factor of 7373 and 1010.
101
What is the highest common factor of 18 and 65922?
6
What is the highest common factor of 343 and 5705?
7
What is the highest common factor of 41577 and 6?
3
What is the highest common factor of 890 and 430?
10
Calculate the highest common divisor of 15 and 418650.
15
Calculate the greatest common factor of 1464 and 67944.
24
What is the greatest common divisor of 1867901 and 3076?
769
What is the highest common divisor of 38296 and 120?
8
Calculate the highest common factor of 4072 and 6576.
8
What is the greatest common divisor of 54530 and 333830?
1330
Calculate the greatest common divisor of 167664 and 63.
21
Calculate the highest common divisor of 26190 and 81.
27
What is the greatest common divisor of 2844 and 24964?
316
Calculate the greatest common factor of 2792 and 1102142.
698
Calculate the greatest common divisor of 108370 and 10.
10
What is the highest common divisor of 66448 and 32?
16
Calculate the greatest common divisor of 47 and 1476740.
47
Calculate the greatest common factor of 317961 and 11227.
103
Calculate the greatest common factor of 7371 and 77103.
117
What is the highest common factor of 6555 and 46113?
57
Calculate the highest common factor of 3 and 1262.
1
What is the greatest common factor of 1361728 and 448?
64
Calculate the greatest common divisor of 224 and 24374.
14
Calculate the highest common divisor of 311 and 436333.
311
What is the greatest common divisor of 286 and 378?
2
Calculate the greatest common factor of 2703195 and 330.
165
Calculate the greatest common factor of 2510343 and 3.
3
Calculate the greatest common divisor of 92703 and 78.
39
What is the greatest common divisor of 914 and 653967?
457
Calculate the greatest common divisor of 295 and 1402253.
59
What is the highest common divisor of 19 and 204193?
19
Calculate the highest common factor of 2647431 and 3348.
837
What is the greatest common factor of 55581 and 6